{"id":31,"date":"2016-12-23T16:42:24","date_gmt":"2016-12-23T18:42:24","guid":{"rendered":"https:\/\/www.saopauloguia.com.br\/prefeitura-de-sp\/?page_id=31"},"modified":"2017-05-17T10:16:06","modified_gmt":"2017-05-17T13:16:06","slug":"nota-fiscal-paulistana-eletronica-nfe","status":"publish","type":"page","link":"https:\/\/www.saopauloguia.com.br\/prefeitura-de-sp\/nota-fiscal-paulistana-eletronica-nfe\/","title":{"rendered":"Nota Fiscal (Paulistana) Eletr\u00f4nica &#8211; NFE"},"content":{"rendered":"<p style=\"font-weight: normal;\">Confira as respostas para as principais d\u00favidas referentes a <a href=\"https:\/\/www.saopauloguia.com.br\/prefeitura-de-sp\/nota-fiscal-eletronica-nfe\/\">Nota Fiscal da Prefeitura de S\u00e3o Paulo<\/a>, <a href=\"https:\/\/www.saopauloguia.com.br\/prefeitura-de-sp\/nota-fiscal-eletronica-nfe\/\">NFE &#8211; Notal Fiscal Eletr\u00f4nica da Prefeitura S\u00e3o Paulo<\/a> e <a href=\"https:\/\/www.saopauloguia.com.br\/prefeitura-de-sp\/nota-fiscal-eletronica-nfe\/\">Nota do Milh\u00e3o da Prefeitura de S\u00e3o Paulo<\/a>.<\/p>\n<p><strong>O que \u00e9 Nota Fiscal de Servi\u00e7os Eletr\u00f4nica (NFS-e) da Prefeitura de S\u00e3o Paulo?<\/strong><\/p>\n<p>Nota Fiscal de Servi\u00e7os Eletr\u00f4nica (NFS-e) \u00e9 o documento emitido e armazenado eletronicamente em sistema pr\u00f3prio da Prefeitura da Cidade de S\u00e3o Paulo, com o objetivo de registrar as opera\u00e7\u00f5es relativas \u00e0 presta\u00e7\u00e3o de servi\u00e7os.<\/p>\n<p><strong>O que \u00e9 o programa \u201cSua Nota Vale 1 Milh\u00e3o\u201d?<\/strong><\/p>\n<p>Sua Nota Vale 1 Milh\u00e3o \u00e9 um programa de est\u00edmulo aos cidad\u00e3os para que solicitem o documento fiscal (Nota Fiscal de Servi\u00e7os Eletr\u00f4nica \u2013 NFS-e), quando contratarem qualquer servi\u00e7o na Cidade de S\u00e3o Paulo (estacionamentos, academias, escolas particulares, lavanderias, creches, col\u00e9gios, faculdades, cursos de idiomas, construtoras, conserto de eletrodom\u00e9sticos, cabeleireiros, hot\u00e9is e mot\u00e9is, oficinas mec\u00e2nicas, empresas de vigil\u00e2ncia e limpeza, dentre outros). O programa ir\u00e1 sortear mensalmente R$ 1 milh\u00e3o entre os cidad\u00e3os que pedirem a Nota Fiscal de Servi\u00e7os Eletr\u00f4nica &#8211; NFSe. Nos meses de dezembro, o pr\u00eamio chegar\u00e1 a R$ 2 milh\u00f5es.<\/p>\n<p><strong><img loading=\"lazy\" decoding=\"async\" class=\"alignleft wp-image-587 size-full\" src=\"https:\/\/www.saopauloguia.com.br\/prefeitura-de-sp\/wp-content\/uploads\/2016\/12\/nfe.jpg\" alt=\"\" width=\"247\" height=\"204\" \/><\/strong><\/p>\n<p><strong>Qual a diferen\u00e7a entre o programa &#8220;Sua Nota Vale 1 Milh\u00e3o&#8221; e Nota Fiscal Paulista?<br \/>\n<\/strong><\/p>\n<p>O Programa &#8220;Sua Nota Vale 1 Milh\u00e3o&#8221; \u00e9 da Prefeitura da Cidade de S\u00e3o Paulo e o documento fiscal emitido (Nota Fiscal de Servi\u00e7os Eletr\u00f4nica ou NFS-e) \u00e9 emitido pelos prestadores de servi\u00e7os, como estacionamentos, escolas particulares, academias, dentre outros. O programa ir\u00e1 sortear mensalmente um pr\u00eamio de R$ 1 milh\u00e3o entre os cidad\u00e3os que pedirem a Nota Fiscal de Servi\u00e7os Eletr\u00f4nica &#8211; NFSe. Nos meses de dezembro, o pr\u00eamio chegar\u00e1 a R$ 2 milh\u00f5es.<\/p>\n<p>&nbsp;<\/p>\n<p>&nbsp;<\/p>\n<p><img loading=\"lazy\" decoding=\"async\" class=\"alignleft  wp-image-589\" src=\"https:\/\/www.saopauloguia.com.br\/prefeitura-de-sp\/wp-content\/uploads\/2016\/12\/nota-fiscal.jpg\" alt=\"\" width=\"189\" height=\"107\" \/><br \/>\nJ\u00e1 a Nota Fiscal Paulista, do Governo do Estado de S\u00e3o Paulo, \u00e9 emitida pelos estabelecimentos comerciais, em opera\u00e7\u00f5es em que incide o ICMS, como restaurantes, supermercados e postos de gasolina. Para saber mais sobre a Nota Fiscal Paulista acesseo: <a href=\"https:\/\/www.nfpnotafiscalpaulista.com\/como-funciona-nota-fiscal-paulista\/\" target=\"_blank\" rel=\"noopener noreferrer\">www.nfpnotafiscalpaulista.com<\/a><\/p>\n<p>&nbsp;<\/p>\n<p><strong>Quem est\u00e1 obrigado \u00e0 emiss\u00e3o da NFS-e?<\/strong><\/p>\n<p>Conforme determinado pela Instru\u00e7\u00e3o Normativa SF\/SUREM n\u00ba. 10, de 10 de agosto de 2011, est\u00e3o obrigados\u00a0 \u00e0 emiss\u00e3o da NFS-e todos os prestadores dos servi\u00e7os, independentemente da receita bruta de servi\u00e7os, sendo opcional nos seguintes casos:<\/p>\n<p>I &#8211; os microempreendedores individuais \u2013 MEI, de que trata o \u00a7\u00a01\u00ba do art. 18-A da Lei Complementar n\u00ba\u00a0123, de 14 de dezembro de 2006, optante pelo Sistema de Recolhimento em Valores Fixos Mensais dos Tributos abrangidos pelo Simples Nacional \u2013 SIMEI;<\/p>\n<p>II \u2013 os profissionais liberais e aut\u00f4nomos;<\/p>\n<p>III \u2013 as sociedades constitu\u00eddas na forma do artigo 15 da Lei n\u00ba 13.701, de 24 de dezembro de 2003;<\/p>\n<p>IV \u2013 as institui\u00e7\u00f5es financeiras e demais entidades obrigadas \u00e0 entrega da Declara\u00e7\u00e3o de Institui\u00e7\u00f5es Financeiras \u2013 DIF;<\/p>\n<p>V \u2013 os prestadores de servi\u00e7os enquadrados exclusivamente em um ou mais dos seguintes c\u00f3digos de servi\u00e7o: 01481, 02330, 08052, 08079, 08087, 08095, 08117, 08133, 08168, 08176, 08192, 08206, 08214, 08257, 08273, 08274, 08281, 08290.<\/p>\n<p><strong>Como posso denunciar um estabelecimento que n\u00e3o emite NFS-e?<\/strong><\/p>\n<p>O sistema da Nota Fiscal de Servi\u00e7os Eletr\u00f4nica tem uma se\u00e7\u00e3o espec\u00edfica para registro de reclama\u00e7\u00f5es. Acesse o sistema por senha ou certificado digital e fa\u00e7a o registro da reclama\u00e7\u00e3o na se\u00e7\u00e3o &#8220;Minhas Reclama\u00e7\u00f5es&#8221;. Para maiores detalhes, consulte o Manual do sistema.<\/p>\n<p><strong>Quais os benef\u00edcios para quem emite NFS-e?<\/strong><\/p>\n<div class=\"textoAccordeon\">\n<ul>\n<li>Redu\u00e7\u00e3o de custos de impress\u00e3o e de armazenagem de documentos fiscais (a NFS-e \u00e9 um documento emitido e armazenado eletronicamente em sistema pr\u00f3prio da Prefeitura de S\u00e3o Paulo);<\/li>\n<li>Dispensa de Autoriza\u00e7\u00e3o para Impress\u00e3o de Documentos Fiscais (AIDF) para a NFS-e;<\/li>\n<li>Emiss\u00e3o de NFS-e por meio da internet, com preenchimento autom\u00e1tico dos dados do tomador de servi\u00e7os, desde que conste da base de dados do sistema;<\/li>\n<li>Gera\u00e7\u00e3o autom\u00e1tica da guia de recolhimento por meio da internet;<\/li>\n<li>Possibilidade de envio de NFS-e por e-mail;<\/li>\n<li>Maior efici\u00eancia no controle gerencial de emiss\u00e3o de NFS-e.<\/li>\n<\/ul>\n<\/div>\n<p><strong>O profissional aut\u00f4nomo emite nota fiscal de servi\u00e7os? <\/strong><\/p>\n<p>A partir de 1\u00ba de julho de 2015, de acordo com o Decreto 28.899\/15 os profissionais aut\u00f4nomos foram postos em dois grandes grupos, sendo um obrigado a emitir NFSe e o outro isento de ISS e n\u00e3o autorizado a emitir qualquer tipo de nota fiscal, seja eletr\u00f4nica ou convencional. O grupo obrigado a emitir NFSe \u00e9 composto por vendedores comissionados, professores, empres\u00e1rios art\u00edsticos, promotores de eventos, corretores, representantes comerciais e profissionais cujo exerc\u00edcio da atividade tenha como pr\u00e9-requisito a educa\u00e7\u00e3o superior, ou educa\u00e7\u00e3o a esta equiparada, tais como m\u00e9dicos, contadores, advogados, engenheiros, entre outros. Os demais profissionais aut\u00f4nomos, n\u00e3o citados no par\u00e1grafo anterior, comp\u00f5em o grupo dos isentos n\u00e3o autorizados a emitir notas fiscais de servi\u00e7os.<\/p>\n<p><strong>As empresas enquadradas no Simples Nacional dever\u00e3o emitir a guia de recolhimento no aplicativo da NFS-e?<\/strong><\/p>\n<p>As empresas optantes pelo Simples Nacional dever\u00e3o emitir a guia de recolhimento no Sistema NFS-e apenas para os servi\u00e7os tomados com responsabilidade pelo recolhimento do ISS. Para os servi\u00e7os prestados, as empresas enquadradas no Simples Nacional dever\u00e3o recolher tributos utilizando o Documento de Arrecada\u00e7\u00e3o do Simples Nacional (DAS), conforme orienta\u00e7\u00e3o dispon\u00edvel em: <a href=\"http:\/\/www.receita.fazenda.gov.br\/SimplesNacional\" target=\"_blank\" rel=\"noopener noreferrer\">www.receita.fazenda.gov.br\/SimplesNacional\/<\/a><\/p>\n","protected":false},"excerpt":{"rendered":"<p>Confira as respostas para as principais d\u00favidas referentes a Nota Fiscal da Prefeitura de S\u00e3o Paulo, NFE &#8211; Notal Fiscal Eletr\u00f4nica da Prefeitura S\u00e3o Paulo e Nota do Milh\u00e3o da Prefeitura de S\u00e3o Paulo. O que \u00e9 Nota Fiscal de Servi\u00e7os Eletr\u00f4nica (NFS-e) da Prefeitura de S\u00e3o Paulo? Nota Fiscal de Servi\u00e7os Eletr\u00f4nica (NFS-e) \u00e9 [&hellip;]<\/p>\n","protected":false},"author":1,"featured_media":0,"parent":0,"menu_order":0,"comment_status":"closed","ping_status":"closed","template":"","meta":{"footnotes":""},"class_list":["post-31","page","type-page","status-publish","hentry"],"yoast_head":"<!-- This site is optimized with the Yoast SEO plugin v26.0 - https:\/\/yoast.com\/wordpress\/plugins\/seo\/ -->\n<title>Nota Fiscal Paulista - Nfe | Eletr\u00f4nica - Prefeitura de S\u00e3o Paulo<\/title>\n<meta name=\"description\" content=\"Esclarecimento sobre as principais d\u00favidas em rela\u00e7\u00e3o a nota fiscal eletr\u00f4nica e Nf-e (nota fiscal paulistana ) junto a Prefeitura de S\u00e3o Paulo.\" \/>\n<meta name=\"robots\" content=\"index, follow, max-snippet:-1, max-image-preview:large, max-video-preview:-1\" \/>\n<link rel=\"canonical\" href=\"https:\/\/www.saopauloguia.com.br\/prefeitura-de-sp\/nota-fiscal-paulistana-eletronica-nfe\/\" \/>\n<meta property=\"og:locale\" content=\"pt_BR\" \/>\n<meta property=\"og:type\" content=\"article\" \/>\n<meta property=\"og:title\" content=\"Nota Fiscal Paulista - Nfe | Eletr\u00f4nica - Prefeitura de S\u00e3o Paulo\" \/>\n<meta property=\"og:description\" content=\"Esclarecimento sobre as principais d\u00favidas em rela\u00e7\u00e3o a nota fiscal eletr\u00f4nica e Nf-e (nota fiscal paulistana ) junto a Prefeitura de S\u00e3o Paulo.\" \/>\n<meta property=\"og:url\" content=\"https:\/\/www.saopauloguia.com.br\/prefeitura-de-sp\/nota-fiscal-paulistana-eletronica-nfe\/\" \/>\n<meta property=\"og:site_name\" content=\"Prefeitura de S\u00e3o Paulo\" \/>\n<meta property=\"article:modified_time\" content=\"2017-05-17T13:16:06+00:00\" \/>\n<meta property=\"og:image\" content=\"https:\/\/www.saopauloguia.com.br\/prefeitura-de-sp\/wp-content\/uploads\/2016\/12\/nfe.jpg\" \/>\n<meta name=\"twitter:card\" content=\"summary_large_image\" \/>\n<meta name=\"twitter:label1\" content=\"Est. tempo de leitura\" \/>\n\t<meta name=\"twitter:data1\" content=\"4 minutos\" \/>\n<script type=\"application\/ld+json\" class=\"yoast-schema-graph\">{\"@context\":\"https:\/\/schema.org\",\"@graph\":[{\"@type\":\"WebPage\",\"@id\":\"https:\/\/www.saopauloguia.com.br\/prefeitura-de-sp\/nota-fiscal-paulistana-eletronica-nfe\/\",\"url\":\"https:\/\/www.saopauloguia.com.br\/prefeitura-de-sp\/nota-fiscal-paulistana-eletronica-nfe\/\",\"name\":\"Nota Fiscal Paulista - Nfe | Eletr\u00f4nica - Prefeitura de S\u00e3o Paulo\",\"isPartOf\":{\"@id\":\"https:\/\/www.saopauloguia.com.br\/prefeitura-de-sp\/#website\"},\"primaryImageOfPage\":{\"@id\":\"https:\/\/www.saopauloguia.com.br\/prefeitura-de-sp\/nota-fiscal-paulistana-eletronica-nfe\/#primaryimage\"},\"image\":{\"@id\":\"https:\/\/www.saopauloguia.com.br\/prefeitura-de-sp\/nota-fiscal-paulistana-eletronica-nfe\/#primaryimage\"},\"thumbnailUrl\":\"https:\/\/www.saopauloguia.com.br\/prefeitura-de-sp\/wp-content\/uploads\/2016\/12\/nfe.jpg\",\"datePublished\":\"2016-12-23T18:42:24+00:00\",\"dateModified\":\"2017-05-17T13:16:06+00:00\",\"description\":\"Esclarecimento sobre as principais d\u00favidas em rela\u00e7\u00e3o a nota fiscal eletr\u00f4nica e Nf-e (nota fiscal paulistana ) junto a Prefeitura de S\u00e3o Paulo.\",\"breadcrumb\":{\"@id\":\"https:\/\/www.saopauloguia.com.br\/prefeitura-de-sp\/nota-fiscal-paulistana-eletronica-nfe\/#breadcrumb\"},\"inLanguage\":\"pt-BR\",\"potentialAction\":[{\"@type\":\"ReadAction\",\"target\":[\"https:\/\/www.saopauloguia.com.br\/prefeitura-de-sp\/nota-fiscal-paulistana-eletronica-nfe\/\"]}]},{\"@type\":\"ImageObject\",\"inLanguage\":\"pt-BR\",\"@id\":\"https:\/\/www.saopauloguia.com.br\/prefeitura-de-sp\/nota-fiscal-paulistana-eletronica-nfe\/#primaryimage\",\"url\":\"https:\/\/www.saopauloguia.com.br\/prefeitura-de-sp\/content-wp\/uploads\/2016\/12\/nfe.jpg\",\"contentUrl\":\"https:\/\/www.saopauloguia.com.br\/prefeitura-de-sp\/content-wp\/uploads\/2016\/12\/nfe.jpg\",\"width\":247,\"height\":204},{\"@type\":\"BreadcrumbList\",\"@id\":\"https:\/\/www.saopauloguia.com.br\/prefeitura-de-sp\/nota-fiscal-paulistana-eletronica-nfe\/#breadcrumb\",\"itemListElement\":[{\"@type\":\"ListItem\",\"position\":1,\"name\":\"In\u00edcio\",\"item\":\"https:\/\/www.saopauloguia.com.br\/prefeitura-de-sp\/\"},{\"@type\":\"ListItem\",\"position\":2,\"name\":\"Nota Fiscal (Paulistana) Eletr\u00f4nica &#8211; NFE\"}]},{\"@type\":\"WebSite\",\"@id\":\"https:\/\/www.saopauloguia.com.br\/prefeitura-de-sp\/#website\",\"url\":\"https:\/\/www.saopauloguia.com.br\/prefeitura-de-sp\/\",\"name\":\"Prefeitura de S\u00e3o Paulo\",\"description\":\"Prefeitura Municipal de S\u00e3o Paulo\",\"potentialAction\":[{\"@type\":\"SearchAction\",\"target\":{\"@type\":\"EntryPoint\",\"urlTemplate\":\"https:\/\/www.saopauloguia.com.br\/prefeitura-de-sp\/?s={search_term_string}\"},\"query-input\":{\"@type\":\"PropertyValueSpecification\",\"valueRequired\":true,\"valueName\":\"search_term_string\"}}],\"inLanguage\":\"pt-BR\"}]}<\/script>\n<!-- \/ Yoast SEO plugin. -->","yoast_head_json":{"title":"Nota Fiscal Paulista - Nfe | Eletr\u00f4nica - Prefeitura de S\u00e3o Paulo","description":"Esclarecimento sobre as principais d\u00favidas em rela\u00e7\u00e3o a nota fiscal eletr\u00f4nica e Nf-e (nota fiscal paulistana ) junto a Prefeitura de S\u00e3o Paulo.","robots":{"index":"index","follow":"follow","max-snippet":"max-snippet:-1","max-image-preview":"max-image-preview:large","max-video-preview":"max-video-preview:-1"},"canonical":"https:\/\/www.saopauloguia.com.br\/prefeitura-de-sp\/nota-fiscal-paulistana-eletronica-nfe\/","og_locale":"pt_BR","og_type":"article","og_title":"Nota Fiscal Paulista - Nfe | Eletr\u00f4nica - Prefeitura de S\u00e3o Paulo","og_description":"Esclarecimento sobre as principais d\u00favidas em rela\u00e7\u00e3o a nota fiscal eletr\u00f4nica e Nf-e (nota fiscal paulistana ) junto a Prefeitura de S\u00e3o Paulo.","og_url":"https:\/\/www.saopauloguia.com.br\/prefeitura-de-sp\/nota-fiscal-paulistana-eletronica-nfe\/","og_site_name":"Prefeitura de S\u00e3o Paulo","article_modified_time":"2017-05-17T13:16:06+00:00","og_image":[{"url":"https:\/\/www.saopauloguia.com.br\/prefeitura-de-sp\/wp-content\/uploads\/2016\/12\/nfe.jpg","type":"","width":"","height":""}],"twitter_card":"summary_large_image","twitter_misc":{"Est. tempo de leitura":"4 minutos"},"schema":{"@context":"https:\/\/schema.org","@graph":[{"@type":"WebPage","@id":"https:\/\/www.saopauloguia.com.br\/prefeitura-de-sp\/nota-fiscal-paulistana-eletronica-nfe\/","url":"https:\/\/www.saopauloguia.com.br\/prefeitura-de-sp\/nota-fiscal-paulistana-eletronica-nfe\/","name":"Nota Fiscal Paulista - Nfe | Eletr\u00f4nica - Prefeitura de S\u00e3o Paulo","isPartOf":{"@id":"https:\/\/www.saopauloguia.com.br\/prefeitura-de-sp\/#website"},"primaryImageOfPage":{"@id":"https:\/\/www.saopauloguia.com.br\/prefeitura-de-sp\/nota-fiscal-paulistana-eletronica-nfe\/#primaryimage"},"image":{"@id":"https:\/\/www.saopauloguia.com.br\/prefeitura-de-sp\/nota-fiscal-paulistana-eletronica-nfe\/#primaryimage"},"thumbnailUrl":"https:\/\/www.saopauloguia.com.br\/prefeitura-de-sp\/wp-content\/uploads\/2016\/12\/nfe.jpg","datePublished":"2016-12-23T18:42:24+00:00","dateModified":"2017-05-17T13:16:06+00:00","description":"Esclarecimento sobre as principais d\u00favidas em rela\u00e7\u00e3o a nota fiscal eletr\u00f4nica e Nf-e (nota fiscal paulistana ) junto a Prefeitura de S\u00e3o Paulo.","breadcrumb":{"@id":"https:\/\/www.saopauloguia.com.br\/prefeitura-de-sp\/nota-fiscal-paulistana-eletronica-nfe\/#breadcrumb"},"inLanguage":"pt-BR","potentialAction":[{"@type":"ReadAction","target":["https:\/\/www.saopauloguia.com.br\/prefeitura-de-sp\/nota-fiscal-paulistana-eletronica-nfe\/"]}]},{"@type":"ImageObject","inLanguage":"pt-BR","@id":"https:\/\/www.saopauloguia.com.br\/prefeitura-de-sp\/nota-fiscal-paulistana-eletronica-nfe\/#primaryimage","url":"https:\/\/www.saopauloguia.com.br\/prefeitura-de-sp\/content-wp\/uploads\/2016\/12\/nfe.jpg","contentUrl":"https:\/\/www.saopauloguia.com.br\/prefeitura-de-sp\/content-wp\/uploads\/2016\/12\/nfe.jpg","width":247,"height":204},{"@type":"BreadcrumbList","@id":"https:\/\/www.saopauloguia.com.br\/prefeitura-de-sp\/nota-fiscal-paulistana-eletronica-nfe\/#breadcrumb","itemListElement":[{"@type":"ListItem","position":1,"name":"In\u00edcio","item":"https:\/\/www.saopauloguia.com.br\/prefeitura-de-sp\/"},{"@type":"ListItem","position":2,"name":"Nota Fiscal (Paulistana) Eletr\u00f4nica &#8211; NFE"}]},{"@type":"WebSite","@id":"https:\/\/www.saopauloguia.com.br\/prefeitura-de-sp\/#website","url":"https:\/\/www.saopauloguia.com.br\/prefeitura-de-sp\/","name":"Prefeitura de S\u00e3o Paulo","description":"Prefeitura Municipal de S\u00e3o Paulo","potentialAction":[{"@type":"SearchAction","target":{"@type":"EntryPoint","urlTemplate":"https:\/\/www.saopauloguia.com.br\/prefeitura-de-sp\/?s={search_term_string}"},"query-input":{"@type":"PropertyValueSpecification","valueRequired":true,"valueName":"search_term_string"}}],"inLanguage":"pt-BR"}]}},"_links":{"self":[{"href":"https:\/\/www.saopauloguia.com.br\/prefeitura-de-sp\/wp-json\/wp\/v2\/pages\/31","targetHints":{"allow":["GET"]}}],"collection":[{"href":"https:\/\/www.saopauloguia.com.br\/prefeitura-de-sp\/wp-json\/wp\/v2\/pages"}],"about":[{"href":"https:\/\/www.saopauloguia.com.br\/prefeitura-de-sp\/wp-json\/wp\/v2\/types\/page"}],"author":[{"embeddable":true,"href":"https:\/\/www.saopauloguia.com.br\/prefeitura-de-sp\/wp-json\/wp\/v2\/users\/1"}],"replies":[{"embeddable":true,"href":"https:\/\/www.saopauloguia.com.br\/prefeitura-de-sp\/wp-json\/wp\/v2\/comments?post=31"}],"version-history":[{"count":0,"href":"https:\/\/www.saopauloguia.com.br\/prefeitura-de-sp\/wp-json\/wp\/v2\/pages\/31\/revisions"}],"wp:attachment":[{"href":"https:\/\/www.saopauloguia.com.br\/prefeitura-de-sp\/wp-json\/wp\/v2\/media?parent=31"}],"curies":[{"name":"wp","href":"https:\/\/api.w.org\/{rel}","templated":true}]}}